 - 1/24*g**4 + 5/2*g**3 - 180*g**2. Give a(10).
5
Let b(m) = 13*m**2 - 29*m + 164. Let p(d) = -5*d**2 + 10*d - 55. Let a(l) = -3*b(l) - 8*p(l). Let w(i) be the first derivative of a(i). Calculate w(-7).
-7
Let s(h) = 8*h - 7. Let b be (15 + 0)*(-27 - -28). Let w(a) = -21 + 60*a - 22*a - b*a. Let x(i) = -17*s(i) + 6*w(i). What is x(6)?
5
Let b(s) = 67*s + 103 - 67*s + 3*s - 6*s. Determine b(32).
7
Let w be (-6 - (-7 - 2))/(-3). Let z(a) = 19*a**2 + 9*a + 4. Give z(w).
14
Let s(i) = -14*i + 44. Let b(y) = -7*y + 14. Let c(u) = 7*b(u) - 2*s(u). What is c(1)?
-11
Let l(n) = 7*n**3 - n**2 + 1. Let t be l(1). Let g(c) = 2*c**2 - 53*c - 41. Let y be g(28). Let h(v) = 45*v - 84*v + y*v - 10. Give h(t).
18
Let p = 3648 - 3654. Let q = 16 + -8. Let y(s) = -s**3 + 2*s**3 - q - 1 + 6*s**2 - 3*s. Give y(p).
9
Suppose 31*x - 74 = 2*w + 29*x, 7*w + 271 = 5*x. Let s(h) = h**2 + 39*h - 175. What is s(w)?
-3
Suppose -2*a + 9 + 13 = 0. Let d(s) be the first derivative of -16*s + 13/2*s**2 + 231 - 1/3*s**3. Give d(a).
6
Let n(f) = -5*f**3 - 2*f**2 + 3*f + 3. Suppose -25*g + 51*g + 52 = 0. Determine n(g).
29
Let s(g) = -2*g - 2. Let u(l) = -2*l**3 - 5*l + 1. Let x(t) = t**3 + 2*t. Let o(c) = -u(c) - 4*x(c). Let p be o(-1). What is s(p)?
-10
Suppose -2*p = -h + 5, 162*h = -4*p + 161*h - 31. Let s(w) = -w**2 - 15*w - 50. Give s(p).
4
Let n be (-2)/(-3) - (-7010)/15. Suppose 4*s + 15*s = -38. Let r be n/45 - (8/(-5) - s). Let c(a) = a**3 - 11*a**2 + 11*a - 4. Determine c(r).
6
Let n(l) = l**3 + 13 - 14*l**2 - l**3 - 20*l - l**3 + 22*l + 0*l**3. Give n(-14).
-15
Suppose -90*c + 172 - 31 + 39 = 0. Let l(u) = -29*u**2 + 4*u - 7. Give l(c).
-115
Let l(q) = -2*q**2 - 9*q + 51. Suppose 0 = -2*y + 3*c + 6, 6592*c - 6596*c + 32 = 4*y. Give l(y).
-75
Let s be ((-6)/6)/(21/399). Let w(m) = 5*m + 12. Determine w(s).
-83
Let f(s) = 3*s - 6. Let b(q) = -57*q**3 - 2*q**2 + 10*q - 47*q**3 + 103*q**3 + 3. Let a be b(-4). What is f(a)?
-21
Let a(f) = f**2 - f. Let o be a(2). Let p(b) = -b**3 + 0*b + 3 + 7*b - 5*b + 2*b**o + 0*b. Let w(t) = 6*t - 3. Let d be w(1). Determine p(d).
0
Let m be 4/3 - (212/(-12) + -2). Let b = 35 + -15. Suppose -b = a - m. Let g(r) = 4*r + 1. What is g(a)?
5
Let w(j) = j**3 + j - 16. Suppose 0*d = 3*b - d - 37, -4*d - 16 = 0. Let l = b + -11. Suppose l*y + 2*y = 0. Calculate w(y).
-16
Let q(m) = 7*m**2 + 72*m + 20. Let p be q(-10). Let d(l) = -2*l**2 - l + 37. What is d(p)?
37
Let x be (0 + -3 - -1) + 2. Let y(d) be the second derivative of d**4/6 - 16*d + 14. Determine y(x).
0
Let z(w) = -20 - 5*w - 4*w + 11*w - 10 + 5. Determine z(6).
-13
Let v(k) = k**3 - 9*k**2 - k - 4. Let c be 4186/(-56) - 14/(-8). Let g = c + 82. Give v(g).
-13
Let u = -4188 - -4194. Let v(c) = -c**2 + 21*c - 15. What is v(u)?
75
Suppose 0 = -30*c - 31 - 149. Let r(h) = -h**3 + h - 1. Let b be r(-2). Let k(y) = 2*y + 6*y - y - b*y. Calculate k(c).
-12
Let l(k) = 11*k**3 + 12*k**2 + 3*k - 49. Let s(p) = -7*p**3 - 8*p**2 - p + 32. Let d(w) = -5*l(w) - 8*s(w). Give d(-5).
-1
Let h(i) be the second derivative of -i**4/12 + 9*i**3/2 - 89*i**2/2 - 4*i - 1691. Calculate h(4).
3
Let g(m) = -288*m - 8. Let b be g(0). Let v(t) = t**2 + 5*t - 19. What is v(b)?
5
Let n(z) = -3*z**2 - 55*z - 1. Let d(m) = -850*m - 5968. Let f be d(-7). Calculate n(f).
17
Suppose 2*k + 2*i + 7 = -1, 5*k - 4*i - 25 = 0. Let c(g) = 176*g - 84*g + k - 80*g. What is c(-1)?
-11
Let h(o) = 3*o - 8 + 0*o**3 + 3*o**2 + 3*o**2 - o**3. Let a be (6/8)/(9/30) - 4858/(-1388). Determine h(a).
10
Let k = 35 - 38. Let a be 1*(4 - 1)*k. Let c(u) = -u**2 + 15*u - 7*u - 8 - 11*u - 8*u. Determine c(a).
10
Let l(b) = -b**3 - 2*b**2 - 5*b - 1. Let p(u) = 5*u**3 + 35*u**2 + 11*u - 56. Let d(s) = 6*l(s) + p(s). Give d(22).
4
Let x(o) = 5*o**2 - 9*o + 25. Let a(y) = -y**2 + 2*y - 6. Let v(n) = -9*a(n) - 2*x(n). Suppose -22*r - 9 = -25*r. Determine v(r).
-5
Let m(u) = -4*u - 1. Suppose -53*a + 26 = 26*a - 53. What is m(a)?
-5
Let t(u) be the first derivative of -5*u**4/4 + 23*u**3/3 - 9*u**2/2 - 4*u - 10615. Calculate t(4).
8
Let z(q) = -68*q**2 + 6*q - 6. Let x(f) = 91*f**2 - 6*f + 9. Let j(c) = -3*x(c) - 4*z(c). Suppose -3*t = b - 0*b + 25, -t = 3*b + 19. Give j(t).
-10
Let m = 119 - 100. Let t(y) = 7*y**2 - 5 - m*y**2 + 8*y**2 + 6*y + 2*y**3. Let w be t(2). Let r(k) = -2*k + 9. Give r(w).
-5
Suppose -20*f + 5*f = 105. Let b(r) = -3*r**3 - 5*r**2 - 15*r. Let i(o) = -4*o**3 - 3*o**2 - 16*o - 1. Let v(m) = 3*b(m) - 2*i(m). Determine v(f).
-5
Let q(f) = -8*f**3 + 7*f**3 - 11 - 40*f + 10*f + 26*f**2 + 9*f + 25*f. Calculate q(26).
93
Let p(v) = 2*v - 16. Suppose -4*s - 6*s + 43*s = 297. What is p(s)?
2
Let g(x) = -x**2 - 2*x + 26. Let u = -6243 + 6243. Calculate g(u).
26
Suppose 5*t - 157 = -4*k, 0*t - 4*t - 4*k = -128. Let g(o) = 4*o - 100. Determine g(t).
16
Suppose 5*z - 2 = -q, -954*q = -957*q + 4*z - 13. Let a(r) = 2*r**2 - 2*r - 12. What is a(q)?
12
Let n(z) be the first derivative of -z**6/360 + z**5/120 + z**4/12 - 14*z**3/3 - 3*z - 78. Let r(g) be the third derivative of n(g). Give r(4).
-10
Let n(k) = k**2 + 11*k + 6. Let w be 5*((-3)/(-4))/((-3)/(-4)). Suppose 3*x = w*t + 55 + 4, -5*x = 4*t + 25. Determine n(t).
-4
Let g(f) = -3*f**2 - 5*f + 9. Let n(y) = y**2 - 1. Let d(o) = g(o) + 4*n(o). Let m(j) = 5*j**2 + 16*j - 522. Let q be m(-12). Give d(q).
11
Let z(q) = q**3 - 15*q**2 - 8*q + 124. Suppose -5*b + 5*a + 45 = 0, 2*b + 3*a + 0*a = 48. Determine z(b).
4
Let s(m) = 0 - 1225*m - 4 + 0 + 1212*m. Give s(-1).
9
Let u(n) = -3*n**3 - n**2 - n + 3. Let c(q) = q**3 + 1. Let j(m) = -2*c(m) + u(m). Let y(d) = 3*d + 109. Let s be y(-36). Determine j(s).
-6
Suppose -3 = q - 2*q. Let v(y) = y - 3 + q + y**3 + 3 + 3*y. Let u(s) = -14*s**2 - 308*s - 2. Let z be u(-22). Determine v(z).
-13
Let n(b) = -3*b - 51. Let c(l) = 3*l + 41. Let y(r) = 6*c(r) + 5*n(r). Determine y(-4).
-21
Let c(i) = 4*i**2 - 371*i - 1242. Let t be c(96). Let l(w) = 3*w + 13. Give l(t).
31
Let k = -31 - -28. Let l be 2*4 - 2/(-6)*k. Let b(s) = -1 - l*s + s**2 + 8*s - 4. Give b(0).
-5
Let v(o) = -6*o + 6. Let y(r) = -7*r**2 + 87*r - 6. Let m be y(17). Let q be 150/m - 25/(-11). What is v(q)?
-6
Let s = -4 + 0. Let m(h) be the first derivative of 3*h - 2/3*h**3 - 5/2*h**2 + 4. Give m(s).
-9
Let x(s) = 14*s**3 + 1. Let r be 7 + (-1 + 1)/(-1 - -2). Suppose 0 = r*l + 4 - 25. Suppose 7 + 1 = -4*y, -l*y - 11 = -5*v. Determine x(v).
15
Let a(v) be the first derivative of -14*v**2 + 214*v + 12399. What is a(8)?
-10
Let a(c) be the first derivative of -c**5/120 - c**4/24 - 3*c**3 + 3. Let p(i) be the third derivative of a(i). Let j = 541 + -543. Give p(j).
1
Let s(i) = -3*i + 1. Let f(o) = 13778*o - 13772*o - 2 + 0 + 1 - o**2 - 1. Suppose -2*t = m - 13, 2*t - 3*m = -3*t + 27. Let b be f(t). Calculate s(b).
7
Let w = 91 - 48. Let i = 46 - w. Suppose i*g = -g - 20, -5*g - 18 = -m. Let z(a) = -a**3 - 6*a**2 + 8*a + 8. Determine z(m).
1
Let r(k) = 4*k**3 + 7*k**2 - 7*k - 24. Let i(f) = -f**3 - 2*f**2 + 2*f + 8. Suppose -3*y = -y - 24. Let a = 19 - y. Let v(g) = a*i(g) + 2*r(g). Calculate v(0).
8
Let v(t) = -t + 12. Let z(s) = -14*s - 7. Let h be z(-1). Let r = h - 1. Calculate v(r).
6
Suppose -76*h = -53*h - 299. Suppose -2*q + 7 = h. Let f(r) = 7*r**2 + 10*r + 1. Let w(u) = -13*u**2 - 19*u - 2. Let d(k) = 11*f(k) + 6*w(k). Calculate d(q).
2
Let a = 151 - 154. Let d(r) = -2*r**3 + 3*r**2 - 25. Let n(q) = -q**3 + 2*q**2 - 13. Let x(j) = a*d(j) + 5*n(j). Determine x(0).
10
Let d(i) = i**2 + 15*i + 15. Let a = 12322 - 12331. Determine d(a).
-39
Suppose -4*p + d = -24, 5*p - 9*d - 39 - 22 = 0. Let g(a) be the first derivative of -2 + p*a + 2*a**3 - 1/4*a**4 - 7/2*a**2. Calculate g(5).
-5
Let y be ((-30)/25)/((-2)/5). Suppose -7 = 2*p + i, 5*p + y*i = -5 - 13. Let u(b) = b**3 + 3*b**2 - 3*b + 4. Give u(p).
13
Let l(n) be the third derivative of -n**7/2520 - 7*n**6/720 + n**5/60 - n**4/8 + n**3/6 + 67*n**2. Let q(o) be the second derivative of l(o). What is q(-7)?
2
Let b be (-11)/44 + (-1)/4*71. Let v = b - -14. Let z(j) = j + 5. Let n be z(v). Let x(y) = 3*y - 1. Determine x(n).
2
Let p(m) be the third derivative of m**5/60 + 3*m**4/8 - 17*m**3/3 + 2*m**2. Let w be p(-12). Let v(k) = -k + w + k**2 + 3*k + 6*k + 3. What is v(-4)?
-11
Suppose -32*h - 54*h = -32*h. Suppose -b + 5*w = 